tors of a(l)?
2
Let u(j) = -604*j + 247. Let n be u(-11). Suppose 14*c - 20177 + n = 0. List the prime factors of c.
13, 73
Let y = -1318 - -7281. Suppose -10*d + y = -5397. What are the prime factors of d?
2, 71
Let m = -39 + 29. Let o be (-9 - m)*(2 - 2). Suppose 2*s = -3*f + 530, -4*s + o*f - 4*f = -1052. List the prime factors of s.
7, 37
Let b = 395 - 245. Let t = b - -646. What are the prime factors of t?
2, 199
List the prime factors of 4/(-16)*-44985 - ((-30)/(-24) - 1).
2, 5623
Let k(g) = -g**3 + 8*g**2 + 7*g - 21. Let p(m) = m**2 - 7*m - 21. Let i be p(10). Let l be k(i). What are the prime factors of l/(2/11 + 68/(-132))?
3, 13
Suppose -46*v = -43*v - 5*d - 30956, 3*v + 5*d - 30946 = 0. What are the prime factors of v?
3, 19, 181
Let u(x) = 6*x**3 + 3*x**2 + 5*x + 8. Let s be u(-2). Let g = s - -202. Let k = -86 + g. What are the prime factors of k?
2, 3, 13
Let f(v) = v + 46. Suppose 5*b + y - 9 = 0, -b - y - 5 = -3*b. Suppose -4*k - b*o + 4 = -4*o, 5*o = -5*k - 10. List the prime factors of f(k).
2, 23
Suppose 3*s + 5*i + 56 = 5*s, -3*i = 4*s - 86. Suppose -24*o + 125 = -s*o. What are the prime factors of o?
5
Let l = 31088 + -12480. List the prime factors of l.
2, 1163
Let h = -444 + 427. Let c(k) = 6*k**2 - 7*k - 170. List the prime factors of c(h).
3, 11, 17
Suppose 4*t - 355*s + 351*s = 244, 3*t = s + 185. List the prime factors of t.
2, 31
Let i(t) = -883*t**3 - 3*t**2 + 3*t + 2. Let h be i(-1). Let p = h - 410. What are the prime factors of p?
7, 67
List the prime factors of ((-21791)/(-35) - 15)/(2/5).
7, 31
Let h(b) = -3057*b + 4672. What are the prime factors of h(-16)?
2, 17, 197
Let u(z) = z**3 - 3*z**2 + 6. Let a be u(2). Suppose -v + 5*j = -a*v + 328, 4*v - 4*j = 1312. List the prime factors of v.
2, 41
Let a = 116 - 60. Suppose t + a = 3*t. Suppose x = -t + 79. List the prime factors of x.
3, 17
Let a(n) = -613*n**3 - 23*n - 84. List the prime factors of a(-4).
2, 3, 5, 109
Let n(t) = 4*t**2 + 112*t + 3963. List the prime factors of n(-32).
5, 179
What are the prime factors of (1*(-1)/(-2))/(-34 - (-3197025)/94030)?
9403
Let n(p) = p**3 - 10*p**2 + p - 3. Let f be n(10). Let t(o) = -5*o + 37. Let l be t(f). Suppose -l*c + 58 + 38 = 0. What are the prime factors of c?
2, 3
Let p be 37 + 0 - (1 + (-3)/(-3)). Let d(l) = 12 - 13 + 32 - 253*l**2 + 256*l**2 - p*l. List the prime factors of d(16).
239
Let k(d) = d**2 + 5*d + 9. Let c be k(4). Suppose 47*p - c*p = 0. Suppose p*s + 38 = s. What are the prime factors of s?
2, 19
Let d(f) = f**3 + 5 - 6 - 23*f**2 + 33*f - 5 - 6 + 0. List the prime factors of d(23).
3, 83
Suppose 16*v = 37*v - 273. Suppose -v*z + 0*z + 20631 = 0. List the prime factors of z.
3, 23
Let r = -9439 + 22698. What are the prime factors of r?
13259
Let m be (-14)/(-4)*(60 + -58). What are the prime factors of 18/m - 3 - 41939/(-119)?
2, 11
Let l(x) = -239*x + 87. Let v(i) = 60*i - 22. Let u(p) = 2*l(p) + 9*v(p). What are the prime factors of u(8)?
2, 59
Suppose -7*u + 73009 + 188854 = 0. What are the prime factors of u?
37409
Suppose -5*y + 11 = -r - 2*y, -r = y - 5. Suppose 5*s + 9 = -2*g, -9*g - s - s - 20 = 0. List the prime factors of (r/g)/(-3 + (-59)/(-20)).
2, 5
Let z(p) be the first derivative of p**4/4 + 4*p**3 - 8*p**2 + 8*p + 143. What are the prime factors of z(-12)?
2, 5
Let c = 154383 + -85434. List the prime factors of c.
3, 47, 163
Suppose 2*p - 4086 = -2*r, 13*r = 8*r - 4*p + 10214. What are the prime factors of r?
2, 1021
Let o be (-118 + 0 - 1)/(3/3). Let m = 139 + o. Suppose 3*s - 442 = 2*j, 0 = 4*j + m - 0. What are the prime factors of s?
2, 3
Let b be ((-5)/(-2))/(4/48). Let y be (-30)/25*b/(-9). Suppose y*j + 2 - 46 = 0. List the prime factors of j.
11
List the prime factors of -6 - (5 - 24) - -13014.
7, 1861
List the prime factors of 696/(-88) + 1/(-11) - -214.
2, 103
Let y = 19904 - 6373. What are the prime factors of y?
7, 1933
Let b = 24561 + 33248. What are the prime factors of b?
57809
List the prime factors of 1*-5*(-1450)/1.
2, 5, 29
Let v = -3691 - -9037. List the prime factors of v.
2, 3, 11
Let x = -171 - -173. Suppose 809 + 2861 = 3*n + x*p, -p = -3*n + 3673. List the prime factors of n.
2, 3, 17
Suppose 3*h + b = -30, 3*b + 2 = -h - 8. Let t(f) = f**3 + 13*f**2 - 6*f. What are the prime factors of t(h)?
2, 3, 5
Let y = -39095 - -55299. List the prime factors of y.
2, 4051
Let p be 3 - -26 - 112/(-16). Suppose p*h = 8*h + 224. What are the prime factors of h?
2
What are the prime factors of (111332/(-12) - 3)*(-6)/4?
13921
List the prime factors of (-1135689)/(-664)*(-8)/(-3).
4561
Suppose 5*q = -4*u - 34, -7*u = -5*q - 2*u - 70. Let j be (-52)/(-12) - (2 - q/(-6)). Suppose j*g - 435 = -g. What are the prime factors of g?
3, 29
Let p be (-1)/3 - (-16)/3. Let u = 866 + -564. Suppose 3*n = 2*o - u, o - 2*o - p*n + 151 = 0. List the prime factors of o.
151
Suppose -3*b = 3*d - 70971, 120*d + b + 70967 = 123*d. What are the prime factors of d?
2, 2957
Let p(g) be the first derivative of 19*g**3/3 - 9*g**2 + 16*g + 227. What are the prime factors of p(8)?
2, 17
Suppose 3 = m, 1 = 4*s - 2*m - 3*m. Let w = s + -3. List the prime factors of w - 6/4 - 3375/(-30).
2, 7
Let u = 19768 - 5464. What are the prime factors of u?
2, 3, 149
Suppose 0 = -10*o - 207 + 1367. Suppose -o = -2*z + u + 259, 4*u = -z + 210. List the prime factors of z.
2, 5, 19
Let h(i) = -i**2 + i + 5. Let s be h(5). Let x be 2*s*(784/(-35))/(-4). Let f = x + 244. List the prime factors of f.
2, 19
Let x(k) = -k + 1. Let o(q) = 6*q + 174. Let u(h) = o(h) + 4*x(h). Let m be u(0). Suppose 4*w + 2*v - m = -0*v, 0 = 3*v - 9. List the prime factors of w.
43
Let u be 5 - (10/6 - 1/(-3)). Suppose -s + u*d - 2*d = -506, 4*s - 3*d - 2028 = 0. What are the prime factors of s?
2, 3, 5, 17
Let d(l) = l**3 + 28*l**2 - 3*l - 19. Let a(f) = -3*f**2 + 7*f + 12. Let i be 2/(-11) - (-7 + (-80)/(-44)). Let g be a(i). What are the prime factors of d(g)?
5, 13
Let o(g) = g**2 - 3*g + 1. Let d be (98/70)/((-1)/(-5)). What are the prime factors of o(d)?
29
Suppose 25*x - 181706 = -4*y + 24*x, 2*x - 4 = 0. What are the prime factors of y?
2, 3, 67, 113
Let u = 1999 + -1253. What are the prime factors of u?
2, 373
Suppose -16563 = 7*z + 8903. Let v = z + 5544. Suppose 10*s + 66 = v. List the prime factors of s.
2, 23
Let k be (-178)/4*480/3*-1. What are the prime factors of k/12*24/10?
2, 89
Suppose -4*d + 7756 = 4*m, -9*m + 2*d = -8*m - 1942. Suppose m = 5*b - 4*w, 8*b = 11*b - 3*w - 1167. What are the prime factors of b?
2, 3
Suppose 719 + 10877 = 16*w - 14*w. List the prime factors of w.
2, 13, 223
Let w(f) = -13*f - 17. Suppose 0 = -5*b - o + 32, 6*b - 3*o = b + 24. Let i be w(b). List the prime factors of 1 - (i + (-4)/(-1)).
2, 23
Let m(y) = -2*y**3 + 167*y**2 + 102*y + 602. What are the prime factors of m(81)?
41669
Let b = 1060 + 2552. What are the prime factors of b?
2, 3, 7, 43
Suppose 0 = -3*l + l + 5*k + 20, 2*l + k - 32 = 0. List the prime factors of (6 - -15)/(l/320*2).
2, 7
Suppose -318660 = 69*u - 2971710. List the prime factors of u.
2, 5, 769
Let w(p) be the second derivative of -24*p + 1/3*p**3 + 0 + 29*p**2. List the prime factors of w(7).
2, 3
Let i(p) be the third derivative of -p**6/120 - 7*p**5/60 + p**4/8 + 3*p**3/2 - 35*p**2 - 2. List the prime factors of i(-9).
2, 3
Let z(s) = 6*s**2 - 32*s + 209. Suppose -10*b - 30 = -13*b. List the prime factors of z(b).
3, 163
Let x = -129 - -85. Let a = x - -48. Suppose 0 = -4*s - a*d + 148, 36 - 5 = s + 4*d. List the prime factors of s.
3, 13
Suppose 468*c = 475*c - 25739. List the prime factors of c.
3677
Suppose -1296 = -7*y - 5*y. Let r be 18/y - 130/(-12). Suppose r*b = 16*b - 485. What are the prime factors of b?
97
Let s(q) = -93*q - 19. Let c(a) = a**2 + 15*a + 17. Let z be c(-16). Suppose -8*g - 3*g - z = 0. What are the prime factors of s(g)?
2, 5, 13
Suppose 0*v = -4*v + 1044. Suppose -6 = 3*t - v. Let u = -59 + t. List the prime factors of u.
2, 13
Let b be (-6644)/6*(-12 + 8 + 1). Suppose -3*r - f + 90 = -2399, 4*r = -3*f + b. What are the prime factors of r?
829
Let j(p) = -39*p**2 + 1. Let a(t) = t**3 + 3*t**2 - 13*t - 17. Let x be a(-5). Let k be j(x). Let c = 231 + k. List the prime factors of c.
2, 19
Let w be (-3)/((-4)/(-4*470)). Let t = 2885 +